 the remainder when r(4) is divided by 66.
64
What is the remainder when (240/35)/((-2)/(-21)) is divided by 38?
34
Let o be (-5 - -9) + -24 - 1. Calculate the remainder when 107 is divided by -6*(o/14 - 1*3).
26
Suppose -840 = 15*o - 7*o. Let d = o - -108. Calculate the remainder when 10 is divided by d.
1
Let c(v) = -2026*v**2 + 2*v - v - 10*v**3 + 2027*v**2 - 1. What is the remainder when c(-2) is divided by 42?
39
Suppose 4*v - 148 - 336 = 3*b, 0 = 4*v + 5*b - 484. Calculate the remainder when 237 is divided by v.
116
Let b = -373 + 373. Let y be (-8)/((-1)/(-2)*-2). Let p = y + b. What is the remainder when p is divided by 5?
3
Let o be 7/((-14)/(-18))*1/(-1). Calculate the remainder when 34 is divided by 4/(-4)*(o - -2).
6
Suppose -12*w + 14 = -10*w. Suppose -w*n = 2*n - 513. Calculate the remainder when n is divided by 15.
12
Suppose 4*x + 41 + 39 = 0. Calculate the remainder when 1378/8 - (-5)/x is divided by 35.
32
Let b be 16/(-20) + 361/(-5). Let v = -30 - b. What is the remainder when v is divided by 15?
13
Let x(n) = -2*n + 3*n**2 - 3 + 2*n**2 - 6 - 5. Let u(v) = v**2 + v. Let q(r) = -4*u(r) + x(r). Calculate the remainder when q(11) is divided by 22.
19
Let b(c) = -c + 27. Let g = 2009 + -2002. What is the remainder when b(0) is divided by g?
6
Suppose 4*l + a - 246 = 0, -6*l + 316 = -l - 3*a. Calculate the remainder when l is divided by 13.
10
Suppose -76 + 342 = 7*t. Calculate the remainder when t is divided by 23.
15
Suppose -2*i + 28 = 4*j, 4*i = -4*j + 3*j + 77. Suppose 2*q = k - 191, -82 - 97 = -k + 5*q. What is the remainder when k is divided by i?
19
Suppose s + 741 = 5*p, 0 = -2*p - 3*s + 130 + 180. Let q = 155 - p. What is the remainder when 11 is divided by q?
5
Let g = -953 - -1655. Calculate the remainder when g is divided by 19.
18
Let f(z) = -z**2 + 15*z - 13. Calculate the remainder when f(12) is divided by 6 + (-5 + 1 - -2).
3
Let l = -31 - 53. Let p = l + 119. Calculate the remainder when p is divided by (12/7)/((-18)/(-189)).
17
Let j = 17 - 19. Let u be (0 - 46) + 2*j. Calculate the remainder when 17 is divided by 3/2*u/(-15).
2
Let l = 506 - 49. Calculate the remainder when l is divided by 51.
49
Let h = 1119 + -959. What is the remainder when h is divided by 58?
44
Let z(n) = -n**2 - 10*n - 12. Let l be z(-6). Suppose b - l = 23. What is the remainder when b is divided by 9?
8
Suppose 2*y + 12 = 6*y. Suppose y*b = -2*b + 50. Suppose 450 = -9*j + 39*j - 120. What is the remainder when j is divided by b?
9
Let r(d) = 49*d + 237. What is the remainder when 285 is divided by r(-4)?
39
Suppose -149*f - 2*f = -755. Calculate the remainder when 234 is divided by f.
4
Suppose 0 = -2*m + 447 - 65. Calculate the remainder when m is divided by 16.
15
Suppose 3*j + 6*p = 3*p - 9, -2*p - 6 = -j. Suppose 3*u + v - 19 = 0, 0 = -u - j*u + 5*v + 17. What is the remainder when 13 is divided by u?
6
Let f be (-4)/(-2) + (-434)/(-7). Suppose w + 3*w - f = 0. Calculate the remainder when w is divided by 6.
4
Let k be (536/4)/(0 + 2). Let p = k - 35. What is the remainder when p is divided by 17?
15
Suppose 0 = -a - 3*a + 16. Suppose 0 = -a*k + 43 + 137. Let u = -57 + 73. Calculate the remainder when k is divided by u.
13
Let j = 73 + -43. Calculate the remainder when j is divided by 8.
6
Suppose -5*g + 47*j + 70 = 50*j, -12 = -2*g + 2*j. Let u = 299 + -203. What is the remainder when u is divided by g?
8
Let f = 107 + -101. Suppose 7*a + f*a - 39 = 0. What is the remainder when a is divided by 2?
1
Let v be (-2)/(-11) - (-40)/22. Calculate the remainder when 110 is divided by (2 - (3 - v)) + 15.
14
Suppose -3 + 51 = 4*x. Suppose -4*l - 6 = -22. Let n(f) = -f**2 + 5*f - 1. What is the remainder when x is divided by n(l)?
0
Let o(b) = -b**3 + 5*b**2 - 2*b - 3. Suppose 6 = -3*u, 3*u + 79 = -4*l + 385. Suppose 5*x - 47 - l = 0. Calculate the remainder when x is divided by o(3).
7
Let p = -494 + 505. Let l = -7 - -11. Suppose 0*g + 60 = 3*g + w, l*g - 80 = 5*w. Calculate the remainder when g is divided by p.
9
Suppose -123 = -15*w + 12*w. Suppose -4*o + 80 = -0*k + 5*k, 3*k + o = w. What is the remainder when 33 is divided by k?
9
Suppose -3*u - 124 = -292. What is the remainder when u is divided by 2/(((-12)/(-38))/3)?
18
Let n be 54/15 + ((-34)/(-10) - 4). Suppose 4*i + 4 = 0, 16 = n*z + 5*i - 24. Calculate the remainder when z is divided by 3.
0
Let m = -269 - -302. What is the remainder when 128 is divided by m?
29
Suppose -4*t + j - 4*j = -15, -2*j - 7 = -3*t. Suppose w = -4*v + 165, 0*v = -v + t*w + 25. Let k = -5 + 16. Calculate the remainder when v is divided by k.
7
Let z = 22 - 20. Let j be 3 - (3 + 1 - z). Suppose r - 19 = -j. Calculate the remainder when r is divided by 10.
8
Suppose 5*h + 48 = -m, 4*m + 24 = -h - m. Suppose -12 = 4*u, 4*c - u = 2*u + 37. What is the remainder when c is divided by (-4 + (-34)/(-9))*h?
1
Let s = -398 + 411. What is the remainder when 63 is divided by s?
11
Suppose 4*s = -17 - 7. Let q(g) = -g**3 - 7*g**2 - 11*g - 7. Calculate the remainder when q(s) is divided by 6.
5
Let p(r) = -r**3 + 14*r**2 - 31*r - 6. Calculate the remainder when 28 is divided by p(11).
12
Suppose -3*g + 38 = -0*z - z, -5*z + 34 = g. Let y be (10/(-4))/(g/(-168)). Suppose -y = -7*c + 4*c. What is the remainder when c is divided by 4?
2
Suppose 4*w - 34 = 38. Suppose -2*m - 246 = -4*j, -8*j + 251 = -4*j + 3*m. Calculate the remainder when j is divided by w.
8
Suppose 95*v - 88*v = 154. What is the remainder when 304 is divided by v?
18
Let u = -26 + 36. Let s(z) be the third derivative of -z**4/12 + 11*z**3/3 - 2*z**2 - 21*z. What is the remainder when s(u) is divided by 1?
0
Let p(k) = k**3 + 13*k**2 + 14*k + 25. Calculate the remainder when p(-9) is divided by 77.
69
Let l = -46 + 64. Suppose 5*u - l = 7. What is the remainder when 10 is divided by u?
0
Let q = -90 + 34. Let p = 31 - q. Calculate the remainder when p is divided by 18.
15
Suppose 4*b - 54 = 3*b. Suppose g = 3*g - b. Calculate the remainder when 1017/g - 2/(-6) is divided by 13.
12
Let t(v) = -v**2 - 18*v - 4. Let l be t(-15). Suppose -7*w + 307 = l. What is the remainder when w is divided by 13?
12
Let q be (-852)/(-33) + 6/33. Suppose 2*n = 20 + q. Calculate the remainder when n is divided by 2/(-8) - 33/(-4).
7
Let k = -619 - -658. What is the remainder when k is divided by 6?
3
Suppose -45*b - 36 = -36*b. Let t(m) = -m + 11. Let j be t(-8). Let z = b + j. Calculate the remainder when 58 is divided by z.
13
Suppose -116 - 56 = -2*n. Calculate the remainder when n is divided by 232/12*(72/16 - 3).
28
Suppose 0 = 5*y - 222 + 107. What is the remainder when 436 is divided by y?
22
Calculate the remainder when 165 is divided by 4 + (-2)/(-8) + 83/4.
15
Suppose -7*c + a + 21 = -6*c, 4*a - 18 = -2*c. What is the remainder when 151 is divided by c?
15
Let q(k) = -4*k**2 + 2*k + 2. Let w be q(3). Let i = w + 30. Let j = 6 - i. Calculate the remainder when 11 is divided by j.
3
Suppose 5 = w - 3*n + 24, 2*n = 2*w + 26. Let i(r) = 3*r**3 + r**2 - 4*r + 3. Calculate the remainder when i(2) is divided by 576/40 - (-4)/w.
9
Suppose 33*y - 37*y = -684. What is the remainder when y is divided by 79?
13
Suppose 0 = 5*y + 15 - 70. Suppose 5*j - 46 - 39 = 0. Let k(v) = 2*v**2 - 33*v + 24. What is the remainder when k(j) is divided by y?
8
Suppose 6 = -3*a - z + 216, 0 = 4*a + z - 280. Let w(i) = 2*i**2 + 11*i - 52. What is the remainder when a is divided by w(4)?
22
Suppose 55*l = 81*l - 156. What is the remainder when 483 is divided by l?
3
Suppose -2*n + 35 = -j - 1, 2*j - 72 = -5*n. Let p = 40 - 24. Let s = 13 + p. What is the remainder when s is divided by n?
13
Suppose -2*b + 23*v = 21*v - 250, 0 = 4*b + 2*v - 482. What is the remainder when b is divided by 16?
10
Let a be (1/1 + -4)*-1. Suppose -36 = -2*s - s - a*d, -s = -d - 2. What is the remainder when 26 is divided by s?
5
Suppose h - 27 = 3*f, -4*h - 2*f + 52 + 0 = 0. Suppose 2*m = -3*m. Suppose -4*u = m, 2*u = -5*q + q + 36. What is the remainder when h is divided by q?
6
Let k(q) = 13*q**2 - 13. Let s = 72 - 37. Calculate the remainder when k(-3) is divided by s.
34
Let k(u) = -2*u**3 + u**2 - 2*u - 2. Let o be k(-1). Suppose -3*r + 2*r + 79 = 0. What is the remainder when r is divided by (-320)/(-2